factors of w?
3, 11, 37
Let x be 0 + 0 + -33 - (-46 + 50). Let i be (-206)/(-14) - 2/(-7). Let v = i - x. What are the prime factors of v?
2, 13
Let x(y) = -41*y**2 - 3. Let v(q) = -20*q**2 - 1. Let r(p) = -5*v(p) + 2*x(p). Let s be r(1). Suppose 3*w = s - 5. What are the prime factors of w?
2
Let d(l) = -24*l**2 + 11*l**2 + 12*l**2 + 12 + 4*l. Let j be d(6). Suppose j = -4*v - 3*q + 202 - 69, 0 = 5*v + 4*q - 165. List the prime factors of v.
37
Let x = -26 + 30. What are the prime factors of -5*(9 - 5)*(-3)/x?
3, 5
Let l(a) = -a**2 + 5*a + 516. What are the prime factors of l(-19)?
2, 3, 5
Let g(a) = -a**3 + 9*a**2 + a - 4. Let v be g(9). Suppose 0 = 5*h - h - 4*c, 0 = 3*h - v*c. Suppose 5*u - 3 - 17 = h. What are the prime factors of u?
2
Suppose -q + 6*q = -3*t + 59, -5*q + 65 = 5*t. Let y = 13 - q. Suppose y*v - 58 = v. What are the prime factors of v?
29
List the prime factors of -3 - 1 - 1854/(-18).
3, 11
Let b be (-150)/(-3 - -1) + -1. Suppose -135 = 16*r - 13*r. Let h = r + b. List the prime factors of h.
29
Suppose -6*u + 1599 + 51 = 0. List the prime factors of u.
5, 11
Let w = -36 - -40. Suppose 4*b + w*i - 71 = 3*b, -2*i + 65 = b. What are the prime factors of b?
59
Suppose -15 = -5*i + 5. Let a = i - 1. Suppose a*v = 105 + 117. List the prime factors of v.
2, 37
Let u = 312 + -182. Let p = -90 + u. What are the prime factors of (-5 - -4)*-4 + p?
2, 11
Suppose -1 = 5*l - 16. Suppose -18 = -4*c + l*c. List the prime factors of c.
2, 3
Let h be (2/6)/((-5)/(-60)). Suppose 0 = -h*y + y + 63. What are the prime factors of y?
3, 7
Let y(m) = -m**3 - 2*m**2 + 3*m + 5. Let f be y(-4). Let h = f + 53. Suppose -b = 2*b - h. List the prime factors of b.
2, 13
List the prime factors of 202 + (-45)/5 + 4.
197
Suppose -13*d = 10*d - 50186. List the prime factors of d.
2, 1091
Suppose 0 = y - 203 - 208. Suppose 6 = -3*s - 3, 0 = -4*h + s + y. List the prime factors of h.
2, 3, 17
Suppose 4*a = 4*m - 200, 3*m + a - 85 = m. Let h = -43 + m. List the prime factors of h.
2
Suppose j + 437 = 5*f + 87, 2*j + 286 = 4*f. Suppose 0 = b - f - 21. Let g = b - 56. List the prime factors of g.
2, 17
Let b be 10/6 - (-5)/15. Suppose 4*r - 26 - 22 = 4*w, 0 = -b*r - 5*w - 11. Let c = 43 - r. What are the prime factors of c?
2, 3
Let g(k) be the first derivative of 2*k**2 - 17*k - 4. What are the prime factors of g(10)?
23
Suppose -23*x + 20*x = 30. Let t(c) = -c**3 - 6*c**2 + 22*c + 24. List the prime factors of t(x).
2, 3, 17
Let c(p) be the second derivative of p**5/20 - 5*p**4/12 - p**3/6 + 4*p**2 - 6*p. List the prime factors of c(6).
2, 19
List the prime factors of 23/((-46)/(-684)) - -1.
7
Let p be 4/22 + 216/(-99). Let a be p + 3 + -532 - 3. What are the prime factors of (-6)/10 - a/15?
5, 7
Let t(b) = b**2 - 7. Let m be t(5). Suppose -g = -d - 6, -2*d - 2*d - m = -g. Let n(x) = -2*x - 6. What are the prime factors of n(d)?
2
Let f(d) = d**2 - 3*d - 10. Let q be (-18)/(-15)*20/6. Suppose 0 = -3*b + 4*b + q. What are the prime factors of f(b)?
2, 3
Let k(d) = 8*d**2 - 2*d - 22. List the prime factors of k(18).
2, 7, 181
Let b be (-13 + 16)/((-3)/(-23)). Suppose 5*a - 33 = 17. Suppose -s + b = a. What are the prime factors of s?
13
Let r(z) = z - 6. Let l(b) = b - 5. Let u(y) = -6*l(y) + 5*r(y). Let o be u(-7). Let k = 26 - o. What are the prime factors of k?
19
Let u be (-18)/(-8)*512/48. Suppose -4 = 4*b - u. Suppose -2*o = -b*p - 0*o + 58, -p + 4*o = -8. What are the prime factors of p?
2, 3
Suppose 0 = -104*k + 115*k - 2167. List the prime factors of k.
197
Let s = 83 - 3. Let k = s + -33. What are the prime factors of k?
47
Suppose -4*p - 22 = 2. Let t(y) = y**3 + 9*y**2 + 8*y - 1. List the prime factors of t(p).
59
Let t = 515 + -306. List the prime factors of t.
11, 19
Suppose p - 4*n + 7 = 25, p + 2*n = 0. Suppose -p*i + 54 = -8*i. Let m = i + 49. List the prime factors of m.
2, 11
Let a = 24 - 46. Let u = -6 - a. Suppose 4*l - u = -z, 2*l - 3*l = -5*z + 17. What are the prime factors of l?
3
Suppose -5*p + 4*k + 2 + 5 = 0, -4*k = p - 11. Let f be (p/(-2))/(6/(-4)). Suppose 0 = -4*v + 19 + f. What are the prime factors of v?
5
Let r = 62 - -911. What are the prime factors of r?
7, 139
Suppose -3*a + 3 = 12, 0 = 4*d - a + 37. What are the prime factors of (-2)/d + (-7137)/(-65)?
2, 5, 11
Let t = 1114 - 608. List the prime factors of t.
2, 11, 23
Let r(l) = -5*l**2 - 4*l - 2. Let f be r(-2). Let c = f - -43. What are the prime factors of c?
29
Suppose 0 = 4*h + q - 459, -3*h + 2*q = 5*q - 342. List the prime factors of h.
5, 23
Suppose 0 = -6*x + 1551 + 81. List the prime factors of x.
2, 17
Suppose 42 = -x - 2*x. Let i = x - -46. List the prime factors of i.
2
Suppose -65*z = -81*z + 46656. What are the prime factors of z?
2, 3
Let n = 106 + -58. Suppose -k = -4*f + 65, -k - n = -3*f - 0*k. List the prime factors of f.
17
Let d = -876 - -1806. List the prime factors of d.
2, 3, 5, 31
Let a = 96 - 50. List the prime factors of a.
2, 23
Let b be -6*(-80)/(-90)*(-6)/8. Suppose 0*i + b*i = 788. What are the prime factors of i?
197
Let n = 1799 - 1127. What are the prime factors of n?
2, 3, 7
Let a(u) = -u**3 + 2*u**2 + 6*u - 5. Let j be a(3). Suppose -2*z = -j*z + 144. Let k = z - 33. What are the prime factors of k?
3, 13
Let z(g) = -g + 5. Suppose -7*h + 6*h + 3 = 0. Let x be z(h). What are the prime factors of 4/((-8)/(-43))*x?
43
Let o be (-10)/((-5)/210 - 0). Suppose -2*k = -17*k + o. List the prime factors of k.
2, 7
Suppose 2*u - 7 + 31 = 0. Let h = u + 46. What are the prime factors of h?
2, 17
Let k be 84 + -3*3/9. Suppose -5*m - 15 = 0, 0 = -3*y + 5*m - 7 + 28. Suppose -3*z + b = -0*z - 142, -3*b - k = -y*z. What are the prime factors of z?
7
Let r be 0 + 10 + 3 + -2. Suppose 131*b + 45 = 136*b. Let a = r - b. What are the prime factors of a?
2
Let y = 53 - 188. Let f = y + 242. What are the prime factors of f?
107
Suppose 0 = -m - 2*u - 1, 5 - 27 = -4*m + 5*u. Suppose -4*v - 5*j = 272 - 658, 0 = m*v + 4*j - 290. List the prime factors of v.
2, 47
Let t be -2 + -65 - (1 - 0). Let j = 126 + t. What are the prime factors of j?
2, 29
Let s(k) = k**2 + k + 6. Suppose 2*n = 3*n. Let r be s(n). Suppose 4*y = r*y - 14. What are the prime factors of y?
7
Let m be (-3)/(-12) + 1221/12. Suppose 4*o + m = o. Let g = o - -47. What are the prime factors of g?
13
Let r = 416 - 299. List the prime factors of r.
3, 13
What are the prime factors of 1/((-2)/(-846)) + 2?
5, 17
Suppose -951 = -0*z - 3*z. Suppose -7*h + 110 = -z. List the prime factors of h.
61
Suppose 1112 = 2*k + 4*q, 3*k = 5*k + 5*q - 1116. Suppose -2*t - 2*x = 2*x - k, 9 = 3*x. List the prime factors of t.
2, 67
Suppose -5*p + 88 = -p. Let r(w) = -w**3 + 21*w**2 + 26*w - 8. What are the prime factors of r(p)?
2, 5
Let h = 7845 + -1969. List the prime factors of h.
2, 13, 113
Let r be ((4 - 2) + 32/(-6))*-3. List the prime factors of 1 - 1 - -15*r.
2, 3, 5
Let c be (2871/27)/(1/3). Let x = c + -215. Suppose -3*i + 4*o + 109 = 0, 3*i - o = 4*o + x. List the prime factors of i.
43
Let q(l) = 41*l**2 - 32*l**2 - 1 - 4*l - 3. What are the prime factors of q(-4)?
2, 3, 13
Suppose -4*d + 5*h - 13 = -0*d, 3*d - h = -18. Let y = d - -141. What are the prime factors of y?
2, 67
Let p(u) = -u**2 + 10*u - 11. Let c be p(15). Let m be c/(-11) - (-8)/44. Suppose -10*g = -m*g - 12. List the prime factors of g.
2, 3
Let v = 1979 - 537. What are the prime factors of v?
2, 7, 103
Let r = 124 - 88. What are the prime factors of r?
2, 3
What are the prime factors of (7 - (-1363 - -3))*2?
2, 1367
Let p = 24 + -39. What are the prime factors of ((-2409)/p - (-9)/(-15)) + 0?
2, 5
Let p(z) = -z**2 - 9*z + 5. Let a(g) = -g + 1. Let c(u) = a(u) + p(u). Suppose 4*j = -5*v - 0*j - 5, 4*v + 4*j = 0. List the prime factors of c(v).
31
Let s = -18 - -20. Suppose -s*b + 18 = 4. What are the prime factors of b?
7
Suppose -2*o + 15 = o. Let x(k) = 2*k**2 - 51*k - 23. Let s be x(26). Suppose -s*i + o + 16 = 2*c, -23 = -3*c + 4*i. List the prime factors of c.
3
Let b = -14 + 11. Let j = b - -15. Suppose j = 3*s - 48. What are the prime factors of s?
2, 5
What are the prime factors of 5 - (439*(2 + -4) - -6)?
877
Let h(s) = 2*s**2 - 6*s - 13. Let k be h(-7). Suppose -r + 2*f + 46 = 0, 4*r - 3*f = 6*r - k. What are the prime 